ase 15, what is 2 + 54d74?
54d76
In base 8, what is -6 - 2163?
-2171
In base 16, what is 2 + 5f4bd?
5f4bf
In base 13, what is 71 + -244?
-1a3
In base 13, what is -39 + 3249?
3210
In base 6, what is 351 + -15302?
-14511
In base 2, what is -1 - 1011100010100101?
-1011100010100110
In base 16, what is 1 + f9739?
f973a
In base 4, what is 3011 - -12202?
21213
In base 13, what is -1c03 + 17?
-1bb9
In base 15, what is -7d + 64a?
5bc
In base 5, what is 14 + -234113?
-234044
In base 13, what is 2 - 19a285?
-19a283
In base 7, what is -3 - -162045?
162042
In base 4, what is 101310301 - 2?
101310233
In base 3, what is 2012111 + -21100?
1221011
In base 2, what is -10000111000111011 + -100?
-10000111000111111
In base 14, what is -26d8 + 265?
-2473
In base 13, what is 724 + -2?
722
In base 10, what is 2079 + -500?
1579
In base 6, what is 33 + -3001?
-2524
In base 13, what is 287 - 12?
275
In base 12, what is -5 - 508424?
-508429
In base 10, what is -1 - -2758?
2757
In base 3, what is -1 + -120111002110?
-120111002111
In base 15, what is -282d + -12?
-2840
In base 10, what is -33 - -39?
6
In base 2, what is 100 + 10010110011110110?
10010110011111010
In base 12, what is -6 - -9247?
9241
In base 8, what is 2464656 - 1?
2464655
In base 6, what is -2 + 51350?
51344
In base 7, what is 2 - -26124?
26126
In base 5, what is -121101023 - 10?
-121101033
In base 4, what is -23121033 - 10?
-23121103
In base 7, what is 55 + -11463?
-11405
In base 6, what is -2 - -511?
505
In base 14, what is 44 + -952?
-90c
In base 12, what is 1a54515 - -2?
1a54517
In base 9, what is 4 + -144447?
-144443
In base 16, what is -41839 + 5?
-41834
In base 16, what is -191b8 + -15?
-191cd
In base 10, what is 234 + 282?
516
In base 7, what is -1250 + -23?
-1303
In base 5, what is 220 + 103102?
103322
In base 2, what is -11 - -10111101011?
10111101000
In base 7, what is -245321 - 2?
-245323
In base 12, what is 828 + 6?
832
In base 5, what is -124443202 - 2?
-124443204
In base 5, what is 21 + 324134?
324210
In base 16, what is 0 - -b3c1?
b3c1
In base 4, what is 20 - -322233?
322313
In base 6, what is 5 - -11151455?
11151504
In base 7, what is 162550 - -1?
162551
In base 15, what is 5a - 5b?
-1
In base 13, what is 6 - 3393?
-338a
In base 8, what is 6221717 + -1?
6221716
In base 6, what is 30434 + -52?
30342
In base 11, what is 0 + 11638?
11638
In base 3, what is 12200 + -10110102?
-10020202
In base 14, what is 3 + a4c60?
a4c63
In base 7, what is 51 - 3263?
-3212
In base 9, what is -120 - -815?
685
In base 8, what is 15732 - 0?
15732
In base 12, what is -2 + -6b40?
-6b42
In base 15, what is -18 + -4b1d?
-4b36
In base 9, what is 4 + -6528?
-6524
In base 12, what is 3170 + aa?
325a
In base 11, what is 59 - 876?
-818
In base 10, what is -5 - 1339701?
-1339706
In base 14, what is 26d91c + 1?
26d91d
In base 15, what is -237b4c + -5?
-237b52
In base 16, what is 3e37 + a?
3e41
In base 11, what is -270a - -12a?
-2590
In base 11, what is 21 - -4a5?
516
In base 6, what is -132503 - 4?
-132511
In base 13, what is -2c - 12645?
-12674
In base 15, what is 30342 - -1c?
3035e
In base 2, what is 1000000101011101110100 + 1?
1000000101011101110101
In base 5, what is -33 + -1120?
-1203
In base 5, what is -314140204 + -1?
-314140210
In base 11, what is 103 + 9206?
9309
In base 15, what is -131 + 26?
-10a
In base 2, what is -10 + -1011001011010100?
-1011001011010110
In base 10, what is 9228 + -25?
9203
In base 15, what is 2 + 1760d?
17610
In base 14, what is -440 + -c?
-44c
In base 14, what is -5 - -4045?
4040
In base 10, what is 713 + 122?
835
In base 16, what is -5 - -9409?
9404
In base 16, what is -6 - 46dce?
-46dd4
In base 6, what is 340 - -10414?
11154
In base 8, what is 5613 - 3?
5610
In base 15, what is 42be - -3d?
430c
In base 5, what is -12 + 11341?
11324
In base 6, what is -3 + -15320340?
-15320343
In base 2, what is 1100001011001101 + 100?
1100001011010001
In base 11, what is -322 + -34a7?
-3819
In base 6, what is 20332342 - 4?
20332334
In base 11, what is 8 + 91819?
91826
In base 14, what is -d8308 + 1?
-d8307
In base 8, what is 1 - -213162?
213163
In base 2, what is -1100111 - -1001101111100110?
1001101101111111
In base 2, what is 10100110101011010 + 11?
10100110101011101
In base 15, what is 2e + -550?
-521
In base 10, what is -176512 + -7?
-176519
In base 2, what is -10 + 1110111111001?
1110111110111
In base 4, what is 303111320 - -11?
303111331
In base 7, what is 352 - -31?
413
In base 15, what is -39 + -a9?
-e3
In base 9, what is -137 + 3558?
3421
In base 11, what is 5 - 681a5?
-681a0
In base 16, what is -16e9 + 79?
-1670
In base 9, what is 2115 + 7138?
10254
In base 15, what is -7 - -1d504?
1d4ec
In base 6, what is -2351143 - -1?
-2351142
In base 3, what is 2210 - -110110?
120020
In base 6, what is 444413 - 1?
444412
In base 14, what is 2 - 1759b?
-17599
In base 13, what is a44 - -17?
a5b
In base 6, what is -2 + 3324045?
3324043
In base 14, what is -3 + -11c?
-121
In base 10, what is 5 - -57541?
57546
In base 6, what is -14041 - 40?
-14121
In base 16, what is -620a + -4?
-620e
In base 6, what is -2 - -5223?
5221
In base 8, what is 35 + 3641?
3676
In base 2, what is -111 - 1010110000?
-1010110111
In base 5, what is 1232312 - 13?
1232244
In base 3, what is 120211101221 + 2?
120211102000
In base 15, what is -dc4b + -b?
-dc57
In base 7, what is 53 - -12163?
12246
In base 3, what is 111122011201 - 20?
111122011111
In base 11, what is 187a89 + 8?
187a96
In base 8, what is 256 - 30344?
-30066
In base 14, what is 4c8a - 9?
4c81
In base 4, what is 2202331 + -22?
2202303
In base 10, what is 226913 - -5?
226918
In base 14, what is 4 + 4398?
439c
In base 5, what is 122104 + 4?
122113
In base 14, what is 242 + -20c?
34
In base 10, what is 12944 + -8?
12936
In base 8, what is -5 - -47615?
47610
In base 12, what is -b2 - 657?
-749
In base 10, what is -205082 + 2?
-205080
In base 10, what is -133404 - 6?
-133410
In base 9, what is 863 - -17?
881
In base 7, what is -414324 + -2?
-414326
In base 7, what is -422 - 4211?
-4633
In base 6, what is -2340 - -5040?
2300
In base 5, what is -10 + -1100204?
-1100214
In base 8, what is 20502 - 1026?
17454
In base 3, what is 100212 + -212?
100000
In base 12, what is -22 - 26072?
-26094
In base 11, what is -257 - 162?
-409
In base 3, what is 100220 + 121021?
222011
In base 10, what is -115 + 1042?
927
In base 7, what is -10350514 - -4?
-10350510
In base 15, what is 5 + -e1b?
-e16
In base 12, what is -6 + -53335?
-5333b
In base 12, what is -102a + -18b?
-11b9
In base 12, what is -33b - 825?
-b64
In base 14, what is -10 - -306?
2d6
In base 4, what is -300023 - -1021?
-233002
In base 15, what is -570 - 5d?
-5cd
In base 5, what is -20012040 + 1?
-20012034
In base 7, what is -145143 + -11?
-145154
In base 3, what is 1011101222 + -101?
1011101121
In base 11, what is 54 - -4061?
4105
In base 14, what is 143 - -1acb?
1c30
In base 5, what is -1 - -2100033?
2100032
In base 4, what is -21000312 - -231?
-21000021
In base 16, what is -1 - 2d91a?
-2d91b
In base 9, what is -327584 - 1?
-327585
In base 4, what is 21013 + 1310?
22323
In base 3, what is -110021221222 - -2?
-110021221220
In base 6, what is 1420 - 5352?
-3532
In base 13, what is 122a + -20?
120a
In base 6, what is -13 + 1035352?
1035335
In base 9, what is 360 + -1?
358
In base 11, what is 764625 + 3?
764628
In base 4, what is -1010113 + -1133?
-1011312
In base 3, what is -2 - -100101000112?
100101000110
In base 7, what is -35302616 - 5?
-35302624
In base 15, what is -15 - -1c0?
1aa
In base 7, what is -2 - -113413?
113411
In base 11, what is 1 + -849090?
-84908a
In base 7, what is -45134253 - -1?
-45134252
In base 10, what is 0 + -2709?
-2709
In base 4, what is 10320133132 + -10?
10320133122
In base 5, what is 122 - -10204?
10331
In base 2, what is 1010111000111 - -10?
1010111001001
In base 15, what is 3 - -17104?
17107
In base 3, what is -11 - 100112110?
-100112121
In base 16, what is -4 + -42211?
-42215
In base 6, what is -10310022 - 1?
-10310023
In base 11, what is 131 - -34?
165
In base 12, what is 4 + 3bb704?
3bb708
In base 10, what is 13971 - 9?
13962
In base 16, what is -aaf + -4d7?
-f86
In base 12, what is 348 - -3096?
3422
In base 2, what is 10101110 - 11010010?
-100100
In base 15, what is 15e4a - 5?
15e45
In base 12, what is